{"id":1254,"date":"2019-09-23T22:23:40","date_gmt":"2019-09-23T20:23:40","guid":{"rendered":"https:\/\/www.avl3c.org\/vexinzone109\/?page_id=1254"},"modified":"2024-11-12T16:35:02","modified_gmt":"2024-11-12T15:35:02","slug":"mentions-legales","status":"publish","type":"page","link":"https:\/\/www.avl3c.org\/vexinzone109\/mentions-legales\/","title":{"rendered":"Mentions l\u00e9gales"},"content":{"rendered":"\n<h1 class=\"wp-block-heading\">Mentions l\u00e9gales<\/h1>\n\n\n\n<p><em>En vigueur au\n01\/01\/2015<\/em><\/p>\n\n\n\n<p>Conform\u00e9ment aux\ndispositions des Articles 6-III et 19 de la Loi n\u00b02004-575 du 21 juin 2004 pour\nla Confiance dans l\u2019\u00e9conomie num\u00e9rique, dite L.C.E.N., il est port\u00e9 \u00e0 la\nconnaissance des Utilisateurs du site \u00ab <em>https:\/\/www.avl3c.org\/vexinzone109\/<\/em>\n\u00bbles pr\u00e9sentes mentions\nl\u00e9gales.<\/p>\n\n\n\n<p>La connexion et la\nnavigation sur le site \u00ab<em> https:\/\/www.avl3c.org\/vexinzone109\/<\/em> \u00bb par\nl\u2019Utilisateur implique acceptation int\u00e9grale et sans r\u00e9serve des pr\u00e9sentes\nmentions l\u00e9gales.<\/p>\n\n\n\n<p>Ces derni\u00e8res sont\naccessibles sur le site \u00e0 la rubrique \u00ab Mentions l\u00e9gales \u00bb.<\/p>\n\n\n\n<h1 class=\"wp-block-heading\">ARTICLE 1 :\nL\u2019\u00e9diteur<\/h1>\n\n\n\n<p>L&rsquo;\u00e9dition du site \u00ab<em> https:\/\/www.avl3c.org\/vexinzone109\/<\/em> \u00bb est assur\u00e9e par l&rsquo;Association Loi 1901 Association Vexinoise de Lutte Contre les Carri\u00e8res Cimenti\u00e8res &#8211; AVL3C, immatricul\u00e9e au R\u00e9pertoire National des Association-RNA sous le num\u00e9ro W781002040, immatricul\u00e9e au r\u00e9pertoire SIREN sous le num\u00e9ro 413 056\u00a0698, dont le si\u00e8ge social est situ\u00e9 \u00e0 la Mairie de Fontenay Saint-P\u00e8re 78440, adresse e-mail : <a href=\"mailto:vexinzone109@gmail.com\">vexinzone109@gmail.com<\/a>.<\/p>\n\n\n\n<p>Adresse postale&nbsp;:\nMairie de Sailly \u2013 21 Rue Saint Laurent &#8211; Sailly 78440<\/p>\n\n\n\n<p>Directeur de la\npublication&nbsp;: Dominique Louise PELEGRIN<\/p>\n\n\n\n<h1 class=\"wp-block-heading\">ARTICLE 2 :\nL\u2019h\u00e9bergeur<\/h1>\n\n\n\n<p>L&rsquo;h\u00e9bergeur du site <em>\u00ab https:\/\/www.avl3c.org\/vexinzone109\/<\/em>\n\u00bb est la Soci\u00e9t\u00e9 OVH, dont le si\u00e8ge social est situ\u00e9 au 2 rue Kellermann &#8211;\n59100 Roubaix &#8211; France, num\u00e9ro de t\u00e9l\u00e9phone hotline : +33 972 10 10 07.<\/p>\n\n\n\n<h1 class=\"wp-block-heading\">ARTICLE 3 : Acc\u00e8s\nau site<\/h1>\n\n\n\n<p>Le site est accessible\npar tout endroit, 7j\/7, 24h\/24 sauf cas de force majeure, interruption\nprogramm\u00e9e ou non et pouvant d\u00e9coulant d\u2019une n\u00e9cessit\u00e9 de maintenance.<\/p>\n\n\n\n<p>En cas de modification,\ninterruption ou suspension des services le site \u00ab <em>https:\/\/www.avl3c.org\/vexinzone109\/<\/em>&nbsp;\u00bbne\nsaurait \u00eatre tenu responsable.<\/p>\n\n\n\n<h1 class=\"wp-block-heading\">ARTICLE 4 :\nCollecte des donn\u00e9es<\/h1>\n\n\n\n<p>Le site est exempt\u00e9 de\nd\u00e9claration \u00e0 la Commission Nationale Informatique et Libert\u00e9s (CNIL) dans la\nmesure o\u00f9 il ne collecte aucune donn\u00e9e concernant les utilisateurs.<\/p>\n\n\n\n<h1 class=\"wp-block-heading\">ARTICLE 5 :\nCookies<\/h1>\n\n\n\n<p>L\u2019Utilisateur est inform\u00e9\nque lors de ses visites sur le site, un cookie peut s\u2019installer automatiquement\nsur son logiciel de navigation.<\/p>\n\n\n\n<p>En naviguant sur le site,\nil les accepte.<\/p>\n\n\n\n<p>Un cookie est un \u00e9l\u00e9ment\nqui ne permet pas d\u2019identifier l\u2019Utilisateur mais sert \u00e0 enregistrer des\ninformations relatives \u00e0 la navigation de celui-ci sur le site Internet.\nL\u2019Utilisateur pourra d\u00e9sactiver ce cookie par l\u2019interm\u00e9diaire des param\u00e8tres\nfigurant au sein de son logiciel de navigation.<\/p>\n\n\n\n<h1 class=\"wp-block-heading\">ARTICLE 6 :\nPropri\u00e9t\u00e9 intellectuelle<\/h1>\n\n\n\n<p>Toute utilisation,\nreproduction, diffusion, commercialisation, modification de toute ou partie du\nsite \u00ab <em>https:\/\/www.avl3c.org\/vexinzone109\/\n\u00bb<\/em>, sans autorisation de l\u2019Editeur est prohib\u00e9e et pourra entra\u00een\u00e9e des\nactions et poursuites judiciaires telles que notamment pr\u00e9vues par le Code de\nla propri\u00e9t\u00e9 intellectuelle et le Code civil.<\/p>\n\n\n\n<h1 class=\"wp-block-heading\">ARTICLE 7 : Conditions\nG\u00e9n\u00e9rales d\u2019Utilisation<\/h1>\n\n\n\n<p>La responsabilit\u00e9 de\nl\u2019\u00e9diteur ne serait \u00eatre engag\u00e9e, notamment dans les cas suivants : propos\ninjurieux tenus par un internaute \u00e0 l\u2019encontre d\u2019un autre, reproduction non\nautoris\u00e9e d\u2019un contenu prot\u00e9g\u00e9 par le droit d\u2019auteur par un internaute sur le\nforum.<\/p>\n\n\n\n<p>R\u00e9alis\u00e9 sur\nhttps:\/\/www.legalplace.fr<\/p>\n","protected":false},"excerpt":{"rendered":"<p>Mentions l\u00e9gales En vigueur au 01\/01\/2015 Conform\u00e9ment aux dispositions des Articles 6-III et 19 de la Loi n\u00b02004-575 du 21 juin 2004 pour la Confiance dans l\u2019\u00e9conomie num\u00e9rique, dite L.C.E.N., il est port\u00e9 \u00e0 la connaissance des Utilisateurs du site \u00ab https:\/\/www.avl3c.org\/vexinzone109\/ \u00bbles pr\u00e9sentes mentions l\u00e9gales. La connexion et la navigation sur le site \u00ab [&hellip;]<\/p>\n","protected":false},"author":1,"featured_media":0,"parent":0,"menu_order":0,"comment_status":"closed","ping_status":"closed","template":"","meta":{"footnotes":""},"class_list":["post-1254","page","type-page","status-publish","hentry"],"_links":{"self":[{"href":"https:\/\/www.avl3c.org\/vexinzone109\/wp-json\/wp\/v2\/pages\/1254","targetHints":{"allow":["GET"]}}],"collection":[{"href":"https:\/\/www.avl3c.org\/vexinzone109\/wp-json\/wp\/v2\/pages"}],"about":[{"href":"https:\/\/www.avl3c.org\/vexinzone109\/wp-json\/wp\/v2\/types\/page"}],"author":[{"embeddable":true,"href":"https:\/\/www.avl3c.org\/vexinzone109\/wp-json\/wp\/v2\/users\/1"}],"replies":[{"embeddable":true,"href":"https:\/\/www.avl3c.org\/vexinzone109\/wp-json\/wp\/v2\/comments?post=1254"}],"version-history":[{"count":2,"href":"https:\/\/www.avl3c.org\/vexinzone109\/wp-json\/wp\/v2\/pages\/1254\/revisions"}],"predecessor-version":[{"id":1256,"href":"https:\/\/www.avl3c.org\/vexinzone109\/wp-json\/wp\/v2\/pages\/1254\/revisions\/1256"}],"wp:attachment":[{"href":"https:\/\/www.avl3c.org\/vexinzone109\/wp-json\/wp\/v2\/media?parent=1254"}],"curies":[{"name":"wp","href":"https:\/\/api.w.org\/{rel}","templated":true}]}}